{"id":17,"date":"2019-09-18T10:11:49","date_gmt":"2019-09-18T10:11:49","guid":{"rendered":"http:\/\/josef.schaubruch.com\/?page_id=17"},"modified":"2019-09-18T10:30:27","modified_gmt":"2019-09-18T10:30:27","slug":"datenschutzerklaerung","status":"publish","type":"page","link":"http:\/\/josef.schaubruch.com\/?page_id=17","title":{"rendered":"Datenschutzerkl\u00e4rung"},"content":{"rendered":"\n<h2>Haftungsausschluss<\/h2>\n\n\n\n<p><br><\/p>\n\n\n\n<p><strong>1. Inhalt des Onlineangebotes&nbsp;<br><\/strong>Der \nAutor \u00fcbernimmt keinerlei Gew\u00e4hr f\u00fcr die Aktualit\u00e4t, Korrektheit, \nVollst\u00e4ndigkeit oder Qualit\u00e4t der bereitgestellten Informationen. \nHaftungsanspr\u00fcche gegen den Autor, welche sich auf Sch\u00e4den materieller \noder ideeller Art beziehen, die durch die Nutzung oder Nichtnutzung der \ndargebotenen Informationen bzw. durch die Nutzung fehlerhafter und \nunvollst\u00e4ndiger Informationen verursacht wurden, sind grunds\u00e4tzlich \nausgeschlossen, sofern seitens des Autors kein nachweislich \nvors\u00e4tzliches oder grob fahrl\u00e4ssiges Verschulden vorliegt.&nbsp;<br>Alle \nAngebote sind freibleibend und unverbindlich. Der Autor beh\u00e4lt es sich \nausdr\u00fccklich vor, Teile der Seiten oder das gesamte Angebot ohne \ngesonderte Ank\u00fcndigung zu ver\u00e4ndern, zu erg\u00e4nzen, zu l\u00f6schen oder die \nVer\u00f6ffentlichung zeitweise oder endg\u00fcltig einzustellen.<\/p>\n\n\n\n<p><strong>2. Verweise und Links<\/strong>&nbsp;<br>Bei direkten\n oder indirekten Verweisen auf fremde Webseiten (&#8222;Hyperlinks&#8220;), die \nau\u00dferhalb des Verantwortungsbereiches des Autors liegen, w\u00fcrde eine \nHaftungsverpflichtung ausschlie\u00dflich in dem Fall in Kraft treten, in dem\n der Autor von den Inhalten Kenntnis hat und es ihm technisch m\u00f6glich \nund zumutbar w\u00e4re, die Nutzung im Falle rechtswidriger Inhalte zu \nverhindern.&nbsp;<br>Der Autor erkl\u00e4rt hiermit ausdr\u00fccklich, dass zum \nZeitpunkt der Linksetzung keine illegalen Inhalte auf den zu \nverlinkenden Seiten erkennbar waren. Auf die aktuelle und zuk\u00fcnftige \nGestaltung, die Inhalte oder die Urheberschaft der \nverlinkten\/verkn\u00fcpften Seiten hat der Autor keinerlei Einfluss. Deshalb \ndistanziert er sich hiermit ausdr\u00fccklich von allen Inhalten aller \nverlinkten \/verkn\u00fcpften Seiten, die nach der Linksetzung ver\u00e4ndert \nwurden. Diese Feststellung gilt f\u00fcr alle innerhalb des eigenen \nInternetangebotes gesetzten Links und Verweise sowie f\u00fcr Fremdeintr\u00e4ge \nin vom Autor eingerichteten G\u00e4steb\u00fcchern, Diskussionsforen, \nLinkverzeichnissen, Mailinglisten und in allen anderen Formen von \nDatenbanken, auf deren Inhalt externe Schreibzugriffe m\u00f6glich sind. F\u00fcr \nillegale, fehlerhafte oder unvollst\u00e4ndige Inhalte und insbesondere f\u00fcr \nSch\u00e4den, die aus der Nutzung oder Nichtnutzung solcherart dargebotener \nInformationen entstehen, haftet allein der Anbieter der Seite, auf \nwelche verwiesen wurde, nicht derjenige, der \u00fcber Links auf die \njeweilige Ver\u00f6ffentlichung lediglich verweist.<\/p>\n\n\n\n<p><strong>3. Urheber- und Kennzeichenrecht<\/strong>&nbsp;<br>Der\n Autor ist bestrebt, in allen Publikationen die Urheberrechte der \nverwendeten Bilder, Grafiken, Tondokumente, Videosequenzen und Texte zu \nbeachten, von ihm selbst erstellte Bilder, Grafiken, Tondokumente, \nVideosequenzen und Texte zu nutzen oder auf lizenzfreie Grafiken, \nTondokumente, Videosequenzen und Texte zur\u00fcckzugreifen.&nbsp;<br>Alle \ninnerhalb des Internetangebotes genannten und ggf. durch Dritte \ngesch\u00fctzten Marken- und Warenzeichen unterliegen uneingeschr\u00e4nkt den \nBestimmungen des jeweils g\u00fcltigen Kennzeichenrechts und den \nBesitzrechten der jeweiligen eingetragenen Eigent\u00fcmer. Allein aufgrund \nder blo\u00dfen Nennung ist nicht der Schluss zu ziehen, dass Markenzeichen \nnicht durch Rechte Dritter gesch\u00fctzt sind!&nbsp;<br>Das Copyright f\u00fcr \nver\u00f6ffentlichte, vom Autor selbst erstellte Objekte bleibt allein beim \nAutor der Seiten. Eine Vervielf\u00e4ltigung oder Verwendung solcher \nGrafiken, Tondokumente, Videosequenzen und Texte in anderen \nelektronischen oder gedruckten Publikationen ist ohne ausdr\u00fcckliche \nZustimmung des Autors nicht gestattet.<\/p>\n\n\n\n<p><strong>4. Datenschutz<\/strong>&nbsp;<br>Sofern innerhalb \ndes Internetangebotes die M\u00f6glichkeit zur Eingabe pers\u00f6nlicher oder \ngesch\u00e4ftlicher Daten (Emailadressen, Namen, Anschriften) besteht, so \nerfolgt die Preisgabe dieser Daten seitens des Nutzers auf ausdr\u00fccklich \nfreiwilliger Basis. Die Inanspruchnahme und Bezahlung aller angebotenen \nDienste ist &#8211; soweit technisch m\u00f6glich und zumutbar &#8211; auch ohne Angabe \nsolcher Daten bzw. unter Angabe anonymisierter Daten oder eines \nPseudonyms gestattet. Die Nutzung der im Rahmen des Impressums oder \nvergleichbarer Angaben ver\u00f6ffentlichten Kontaktdaten wie \nPostanschriften, Telefon- und Faxnummern sowie Emailadressen durch \nDritte zur \u00dcbersendung von nicht ausdr\u00fccklich angeforderten \nInformationen ist nicht gestattet. Rechtliche Schritte gegen die \nVersender von sogenannten Spam-Mails bei Verst\u00f6ssen gegen dieses Verbot \nsind ausdr\u00fccklich vorbehalten.<\/p>\n\n\n\n<p><strong>5. Rechtswirksamkeit dieses Haftungsausschlusses&nbsp;<br><\/strong>Dieser\n Haftungsausschluss ist als Teil des Internetangebotes zu betrachten, \nvon dem aus auf diese Seite verwiesen wurde. Sofern Teile oder einzelne \nFormulierungen dieses Textes der geltenden Rechtslage nicht, nicht mehr \noder nicht vollst\u00e4ndig entsprechen sollten, bleiben die \u00fcbrigen Teile \ndes Dokumentes in ihrem Inhalt und ihrer G\u00fcltigkeit davon unber\u00fchrt.<\/p>\n","protected":false},"excerpt":{"rendered":"<p>Haftungsausschluss 1. Inhalt des Onlineangebotes&nbsp;Der Autor \u00fcbernimmt keinerlei Gew\u00e4hr f\u00fcr die Aktualit\u00e4t, Korrektheit, Vollst\u00e4ndigkeit oder Qualit\u00e4t der bereitgestellten Informationen. Haftungsanspr\u00fcche gegen den Autor, welche sich auf Sch\u00e4den materieller oder ideeller Art beziehen, die durch die Nutzung oder Nichtnutzung der dargebotenen Informationen bzw. durch die Nutzung fehlerhafter und unvollst\u00e4ndiger Informationen verursacht wurden, sind grunds\u00e4tzlich ausgeschlossen, sofern [&hellip;]<\/p>\n","protected":false},"author":1,"featured_media":0,"parent":0,"menu_order":0,"comment_status":"closed","ping_status":"closed","template":"","meta":[],"_links":{"self":[{"href":"http:\/\/josef.schaubruch.com\/index.php?rest_route=\/wp\/v2\/pages\/17"}],"collection":[{"href":"http:\/\/josef.schaubruch.com\/index.php?rest_route=\/wp\/v2\/pages"}],"about":[{"href":"http:\/\/josef.schaubruch.com\/index.php?rest_route=\/wp\/v2\/types\/page"}],"author":[{"embeddable":true,"href":"http:\/\/josef.schaubruch.com\/index.php?rest_route=\/wp\/v2\/users\/1"}],"replies":[{"embeddable":true,"href":"http:\/\/josef.schaubruch.com\/index.php?rest_route=%2Fwp%2Fv2%2Fcomments&post=17"}],"version-history":[{"count":3,"href":"http:\/\/josef.schaubruch.com\/index.php?rest_route=\/wp\/v2\/pages\/17\/revisions"}],"predecessor-version":[{"id":64,"href":"http:\/\/josef.schaubruch.com\/index.php?rest_route=\/wp\/v2\/pages\/17\/revisions\/64"}],"wp:attachment":[{"href":"http:\/\/josef.schaubruch.com\/index.php?rest_route=%2Fwp%2Fv2%2Fmedia&parent=17"}],"curies":[{"name":"wp","href":"https:\/\/api.w.org\/{rel}","templated":true}]}}